) = 0*c + 0*c + 2*c - 3*c. Let w(i) = -63*i. Let g(k) = -w(k) + 54*y(k). Determine g(z).
-9
Suppose -3*v + 0*v = 0. Suppose 5*x - 3*x - 12 = v. Let r(j) = 4*j + 5*j - x*j + 2*j**2. Determine r(-2).
2
Suppose 3*u = -4*q + 8, -q + 5 = 4*u + 3. Let l(n) = -n**2 + 5*n - 2. Let d be l(2). Let o(k) = 4 - k - d + 1. Determine o(u).
1
Let q(z) = -8*z + 13*z - z + 1. Suppose -2*l - 3*l = 15. Let p be (1 + -2)*(-3)/l. Give q(p).
-3
Let y(x) be the second derivative of x**7/840 - x**5/120 - x**3/6 + x. Let n(w) be the second derivative of y(w). Suppose 0 = 5*j + 3 + 2. What is n(j)?
0
Let m(p) = -p**2 + p + 12. Suppose 3*a - 2*b + 1 = -3, -3*a + b - 2 = 0. Calculate m(a).
12
Let o(j) be the third derivative of j**5/60 + j**4/4 + j**3/6 + j**2. Let r(f) be the first derivative of o(f). Calculate r(-5).
-4
Let i be (0 + 0)*(-1)/(-2). Suppose i*h = -2*h. Suppose -3*c + k + 6 = -h*k, 0 = c + 2*k + 5. Let b(x) = 2*x**3 - 1. Determine b(c).
1
Let g(y) be the second derivative of 0 - 1/360*y**6 - y - 1/12*y**4 + 0*y**2 + 1/24*y**5 + 0*y**3. Let d(j) be the third derivative of g(j). Determine d(4).
-3
Let a(y) be the second derivative of -y**4/12 + y**3/6 + y**2/2 + 16*y. Suppose -10 = -2*i - 4. What is a(i)?
-5
Let y(o) be the second derivative of -3*o**5/5 - o**3/6 - 5*o. What is y(-1)?
13
Let y(q) be the third derivative of q**7/1260 - q**6/180 + q**5/30 + 3*q**2. Let n(g) be the third derivative of y(g). What is n(3)?
8
Let i = 36 + -37. Let p(k) = 10*k - 1. Give p(i).
-11
Let s be (-40)/30*1*3. Let d(r) = 6 + 2*r**2 + 7*r - 1 - 1. Give d(s).
8
Let u(w) be the first derivative of -5/2*w**2 - 2*w + 1/3*w**3 + 1/12*w**4 + 3. Let b(d) be the first derivative of u(d). Determine b(-4).
3
Let q(i) = i + i + 1 - i. Let y be 4/(-10) + (-252)/(-30). Let s be (2/(-4))/((-4)/y). What is q(s)?
2
Suppose 15 = -4*n - 9. Let x(d) be the third derivative of -d**6/120 - d**5/12 + 7*d**4/24 + 5*d**3/6 + 25*d**2 - d. What is x(n)?
-1
Let o = 214 - 220. Let g(r) = 3*r**2 + 9*r + 11. Let h(m) = -4*m**2 - 10*m - 12. Let f(d) = 3*g(d) + 2*h(d). What is f(o)?
3
Let z(c) = -c**2 - 6*c - 4. Suppose -20 - 32 = -4*q. Suppose q*x - 8*x = -30. Give z(x).
-4
Let f(j) be the third derivative of -1/6*j**4 - 5/6*j**3 + 0 + 3*j**2 + 1/12*j**5 - 1/120*j**6 + 0*j. What is f(4)?
-5
Suppose 3*x - 7*x = 0. Let b(o) = o**2 + o + 20. What is b(x)?
20
Let o(f) be the second derivative of -f**4/12 - f**3/6 + f**2 - 9*f. Calculate o(0).
2
Suppose 8 = 5*n - 2. Let o(w) be the third derivative of 1/3*w**3 + w**n + 7/24*w**4 + 1/60*w**5 + 0*w + 0. Calculate o(-5).
-8
Let u(t) = 2*t + 7. Suppose n = -2*m + 2*n - 17, 0 = -m + 2*n - 16. What is u(m)?
-5
Let h be (-154)/(-35) - (-6)/(-15). Suppose h = -2*o + 6. Let z(a) = 7*a + 1. Give z(o).
8
Let a(k) = k - 1. Let l be a(4). Let b(x) = -l*x + 7*x + 3*x + x. Determine b(-1).
-8
Let f(j) = -14*j**3 - 4*j**2 + 6*j + 6. Let q(n) = -n**3 - n**2 + n + 1. Let o(y) = -f(y) + 5*q(y). Let i be (-1)/((-6)/(-2) + -2). Give o(i).
-10
Suppose -3*q + 4*q + 2*k = 11, -5*k = -25. Let a(g) = -g**2 + 9*g**2 + g - g. Determine a(q).
8
Let f(c) = -5*c**2 + c - 1. Let l(n) = -6*n**2 + 2*n - 2. Let t(p) = 3*f(p) - 2*l(p). Calculate t(1).
-3
Let z(t) = -2*t + 4. Let o = -16 - -10. Give z(o).
16
Let o(s) = -7*s - 4. Let k(f) = 6*f + 3. Let n = -3 + -2. Let x(c) = n*o(c) - 6*k(c). Give x(-3).
5
Suppose -3*x = -0*x - 2*k - 6, 4*x - 5*k = 15. Let q be (-6 + x)*1/(-2). Let s(p) be the second derivative of -p**5/20 + p**4/4 - p**2 - 16*p. What is s(q)?
-2
Let d(k) be the third derivative of k**8/6720 + k**7/630 - k**6/180 + k**5/24 + k**4/8 - 2*k**2. Let z(o) be the second derivative of d(o). Calculate z(-5).
0
Let x(z) = -z**3 + 5*z**2 + 7*z - 2. Let h be x(6). Let r(m) = -m**3 + 3*m**2 + 4*m - 4. Give r(h).
-4
Suppose 0 = 2*f - 10, 4*f - 31 = -5*z - 1. Let o be (-3 + z)/1 - -5. Suppose -o*p + 7*k = 3*k + 8, 2*p - 5*k + 16 = 0. Let t(q) = 4*q - 2. Give t(p).
6
Let l(b) = -b**2 - 8*b + 6. Suppose 3*q - 8 = -35. Give l(q).
-3
Let f(x) = -3*x**2 + 19*x + 2. Let u(s) = s**2 - 9*s - 1. Let m(d) = 2*f(d) + 5*u(d). Determine m(-6).
5
Let o = 15 + -13. Let l(p) = -2*p + 2*p**o - 5*p - 7 - 1 - 3*p**2. Determine l(-6).
-2
Let t(h) = -h**3 + 6*h**2 + 3*h + 2. Let v(c) = 2*c**3 - 11*c**2 - 6*c - 4. Let s(d) = 5*t(d) + 3*v(d). Let x be s(4). Let u(m) = -3*m - 1. Give u(x).
-7
Let k(v) be the first derivative of v**3/6 + 2*v**2 + 3*v + 1. Let m(a) be the first derivative of k(a). Let g be (-224)/35 + (-4)/(-10). Give m(g).
-2
Let y(l) be the second derivative of -l**3/6 - 6*l**2 - l. What is y(-7)?
-5
Let a = -20 + 26. Let k(d) be the third derivative of d**4/24 - 11*d**3/6 - d**2. Calculate k(a).
-5
Suppose 5*j = 2*j - 2*d + 13, -2*j - 2*d + 6 = 0. Let w(b) = b - 9. Give w(j).
-2
Let o = 7 - 3. Let v(j) = -5*j**2 - j - 1 - 3*j + o*j**2. Give v(-3).
2
Let i = 34 + -38. Let u(y) = -y**3 - 5*y**2 - 3*y + 2. Calculate u(i).
-2
Suppose 3*v = 5*v - k + 3, -1 = 3*v + 2*k. Let i(m) = -m**3 + 2*m**2 + 0*m**2 + 3*m**3 + m. Determine i(v).
-1
Let z(r) be the first derivative of r**4/12 - 3*r - 1. Let t(j) be the first derivative of z(j). Determine t(0).
0
Let m(j) = 2*j - 59 - 57 - 3*j + 128. Calculate m(9).
3
Let y be -1 + 0 + -4 + (-6 - -12). Let b(r) = 7*r**3 + 2*r**2 - 2*r + 1. Give b(y).
8
Suppose 3*r = 6*r - 90. Suppose 4*z - 2*i = r, 2*z = 5*i - 11 + 30. Suppose 0 = 4*g - 5*b, z*b = -4*g + 2*b - 40. Let j(n) = n**3 + 6*n**2 + 4*n + 3. Give j(g).
8
Suppose 8 = -3*j + 5*j. Let g(x) = -x + 1. Let p(t) = 7*t - 6. Let w(q) = 6*g(q) + p(q). Let a(m) = -m - 1. Let s(v) = a(v) + 2*w(v). What is s(j)?
3
Let r(q) be the third derivative of -q**7/2520 - q**6/144 - q**5/30 + q**4/24 - 5*q**2. Let z(x) be the second derivative of r(x). What is z(-5)?
-4
Let g = 27 + -32. Let y(x) = -4*x**3 + 5*x**2 - 6*x - 12. Let s(h) = -5*h**3 + 5*h**2 - 7*h - 13. Let m(z) = -5*s(z) + 6*y(z). Determine m(g).
-2
Let h(v) = 2*v - 2 + 0 + 0. Suppose 0 = -4*j - 0*j + 36. Suppose 7 - j = -w. Determine h(w).
2
Let z(d) = -d**3 + 5*d**2 + 8*d - 9. Let x be z(6). Let l(b) = -5*b + 2*b + x + b. Let g be 2 + 1 + (-14)/(-7). Calculate l(g).
-7
Let o(h) = -5*h - 60. Let q be o(-11). Let j(v) = -v**2 - 3*v - 1. Calculate j(q).
-11
Let w(d) = d**2 - 2*d**2 - 2*d - 1 + 2*d**2 + 3*d. Let j = 8 + -4. Suppose -c = h - 7, 2*h - j*c + 4 + 12 = 0. Determine w(h).
5
Let j(o) = -5*o**2 - o + 4. Let w(c) = c**2 - 1. Let m(z) = -4*j(z) - 18*w(z). Suppose 2 = -5*x - 3. Let g be (x/(-2))/((-2)/8). Determine m(g).
2
Let c = 6 - 3. Let m(j) = -2*j**3 - 4*j**2 - j - 3. Let a(l) = 3*l**3 + 5*l**2 + 4. Suppose -14 = 4*w - 2. Let z(o) = w*a(o) - 4*m(o). What is z(c)?
-6
Let s(c) = 2*c**3 + 3*c**2 + 2*c + 1. Let i be (12/(-30))/(1/5). Calculate s(i).
-7
Let y(o) = -2*o**2 + 14*o + 12. Let w be y(8). Let t(a) be the second derivative of -a**5/20 - 5*a**4/12 - a**3 - a**2/2 + a. Calculate t(w).
7
Let j(g) = -g**3 - 5*g**2 - 6*g - 3. Let m(x) = x**3 + 5*x**2 - 2*x - 5. Let t = -4 - 1. Let a be m(t). Suppose a = 5*z + 25. Calculate j(z).
5
Let k(a) = -a + 7. Let u be 1/(3/(-3)) - -1. Suppose j = -u*j + 5. Suppose -j = -3*v + n, -16 + 38 = 2*v + 4*n. Determine k(v).
4
Let u(w) be the third derivative of w**4/24 - 3*w**3/2 - w**2. Suppose 0 = -5*b + 2*b. Calculate u(b).
-9
Let w(s) = s**3 - 13*s**2 + 11*s + 7. Let c be w(12). Let z(q) = -q - 5. Calculate z(c).
0
Let r(k) = k - 5 + 2 - 7*k**2 - 2*k. Let l(a) = 13*a**2 + a + 6. Let d(f) = -6*l(f) - 11*r(f). Determine d(3).
3
Let n(p) = 3*p - 5 + 11 + p - 5*p. Give n(6).
0
Suppose 0 = -4*l - 11 + 19. Suppose 6 + 0 = 2*u, -l*k + u - 5 = 0. Let a(w) be the first derivative of w**3 - w + 1. Calculate a(k).
2
Let a(l) = -l - 1. Let f(o) = 5*o**2 - o. Let t(g) = a(g) + f(g). Determine t(-1).
6
Let k(m) = m**2 - m. Suppose 0 = i + 1 - 3. Let t be (-2 + 1)/(i/6). Let g be -2 - (-3)/t*0. Calculate k(g).
6
Let o = -6 - -10. Let k(r) be the first derivative of 4 - 1/3*r**3 + 2*r**2 - 3*r. Give k(o).
-3
Let d(a) be the first derivative of a**2 + 5. Calculate d(-2).
-4
Let a be 184/30 - (-6)/(-45). Let j(x) = -a - x - 3 + 0. What is j(-7)?
-2
Let o be 15/3 + -4 + 2. Let x(a) = 2*a**2 - 5*a + 2. Determine x(o).
5
Let s(k) = -2*k**2 - k + 3. Let l(f) = -3*f**2 - f + 3. Let q(u) = -3*l(u) + 4*s(u). Let c be 2/(-1) - (-4)/2. Calculat